j - 43. Give f(-22).
243
Let r(i) = -643*i - 5782. Give r(-9).
5
Let u(a) = -a**3 - 40*a**2 - 26*a - 1001. What is u(-40)?
39
Let v(q) = -6833*q - 239153. Determine v(-35).
2
Let o(v) = -561*v + 432. Calculate o(1).
-129
Let t(d) = -50*d - 1888. Calculate t(-38).
12
Let l(f) = -101*f + 3940. Calculate l(39).
1
Let f(q) = -q**3 - 24*q**2 - 16*q + 43. Calculate f(-23).
-118
Let q(i) = i**3 - 15*i**2 + i - 2. What is q(15)?
13
Let s(n) = -85*n - 314. Determine s(-3).
-59
Let d(w) = 2*w**3 + 17*w**2 + 18*w - 47. Give d(-7).
-26
Let r(b) = b**2 - 50*b - 40. What is r(41)?
-409
Let g(p) = -p**3 - 85*p**2 - 1779*p - 137. Give g(-48).
7
Let s(x) = 6*x**2 - 312*x + 311. What is s(1)?
5
Let u(z) = 2*z**2 - 10*z + 13. What is u(3)?
1
Let m(j) = -2*j**3 - 6*j**2 - 2*j + 18. Determine m(-5).
128
Let m(k) = 3*k**2 + 28*k + 39. What is m(-7)?
-10
Let o(b) = b**3 - 11*b**2 + 20*b - 18. Determine o(6).
-78
Let t(p) = 14*p**2 - 16*p - 1512. Give t(11).
6
Let g(o) = -167*o + 4992. Give g(30).
-18
Let h(a) = -40*a + 132. Determine h(-11).
572
Let f(z) = -z**3 + 71*z**2 + 471*z - 698. What is f(77)?
-5
Let l(a) = -286*a + 15734. What is l(55)?
4
Let t(v) = v**2 + 79*v + 352. Determine t(-5).
-18
Let v(o) = o**3 - 31*o**2 + 24*o + 189. Calculate v(30).
9
Let s(w) = w**3 - 90*w**2 + 806*w + 11. Give s(80).
491
Let s(j) = 53*j + 218. Determine s(-4).
6
Let m(q) = 4160*q + 49926. Determine m(-12).
6
Let t(v) = 3*v**2 + 149*v + 195. Give t(-48).
-45
Let y(l) = -323*l + 302. Calculate y(1).
-21
Let w(i) = -2*i**3 + 74*i**2 + 83*i - 104. Give w(38).
162
Let o(a) = a**2 + 41*a + 246. Give o(-34).
8
Let q(y) = 6*y + 385. Give q(-6).
349
Let p(z) = -z**3 + 56*z**2 + 242*z - 114. Calculate p(60).
6
Let k(u) = 4*u**2 + 146*u - 6496. Calculate k(26).
4
Let m(v) = 44*v**3 + v**2 - 33*v + 56. Calculate m(2).
346
Let o(c) = 20*c + 543. Give o(-41).
-277
Let k(d) = d**2 - 27*d + 245. Determine k(12).
65
Let c(n) = 2011*n - 10046. Calculate c(5).
9
Let k(w) = 4*w**2 - 306*w + 458. What is k(75)?
8
Let z(t) = 40*t + 763. Determine z(-19).
3
Let p(u) = -u**2 + 644*u - 53501. Determine p(98).
7
Let r(s) = -s**3 - 2*s**2 + 126*s + 68. Give r(-12).
-4
Let f(w) = w**3 - 8*w**2 - 108*w + 868. Determine f(9).
-23
Let i(n) = -3*n**3 - 21*n**2 + 10*n - 49. Determine i(-7).
-119
Let h(v) = 24*v + 924. Determine h(-7).
756
Let c(y) = y**3 - 51*y**2 - 163*y + 55. Determine c(54).
1
Let f(x) = -187*x - 928. Give f(-5).
7
Let s(a) = -33*a + 2548. Calculate s(77).
7
Let j(s) = 280*s**2 - 6720*s + 5. Calculate j(24).
5
Let v(r) = -16*r**3 + 24*r**2 - 7*r + 4. What is v(4)?
-664
Let j(k) = -k**2 + 112*k - 2961. What is j(43)?
6
Let l(i) = i**3 + 9*i**2 - 27*i - 260. Give l(-9).
-17
Let o(l) = 7*l - 189. Calculate o(-8).
-245
Let g(m) = m**3 + 17*m**2 - 57*m - 1153. Determine g(-16).
15
Let d(v) = 545*v + 288. Calculate d(-1).
-257
Let g(p) = p**3 + 31*p**2 + 56*p - 139. What is g(-29)?
-81
Let u(w) = w**2 + 104*w - 188. What is u(-106)?
24
Let z(w) = 4*w**2 - 41*w + 35. Determine z(11).
68
Let q(f) = -f**2 + 32*f - 206. Give q(21).
25
Let i(h) = -4*h**3 - 28*h**2 + 34*h + 26. What is i(-8)?
10
Let n(w) = -w**3 + 24*w**2 - w - 511. Calculate n(23).
-5
Let w(g) = -3*g**3 - 7*g**2 - 6*g - 6. Calculate w(-3).
30
Let l(x) = 51*x**2 - 41*x + 43. Give l(1).
53
Let m(v) = 22*v - 1701. Determine m(75).
-51
Let k(b) = -2*b**3 + 96*b**2 + 94*b + 205. Calculate k(49).
9
Let b(q) = -78*q + 2674. Determine b(34).
22
Let a(r) = 3*r**3 - 76*r**2 + 98*r - 74. Determine a(24).
-26
Let a(j) = j**3 - 23*j**2 - 53*j + 48. Determine a(25).
-27
Let o(k) = -25830*k - 180809. Determine o(-7).
1
Let g(o) = 98*o + 2358. What is g(-24)?
6
Let x(a) = -a**3 - 29*a**2 + 67*a + 163. What is x(-31)?
8
Let i(p) = 38*p**2 - 222*p + 279. Determine i(4).
-1
Let p(t) = -111*t + 33. Determine p(3).
-300
Let m(q) = -76*q**3 + 16*q - 17. Determine m(1).
-77
Let n(i) = 49*i - 54. Determine n(2).
44
Let x(i) = -3*i**3 - 181*i**2 + 121*i - 113. Determine x(-61).
-52
Let g(o) = -2*o**3 + 156*o**2 - 1251*o + 626. What is g(69)?
5
Let r(o) = 2*o**3 - 31*o**2 + 81*o - 20. What is r(14)?
526
Let z(w) = 3*w**3 - 20*w**2 - w - 29. What is z(7)?
13
Let l(i) = -87*i - 2739. Give l(-32).
45
Let p(t) = -39*t**3 + 2*t**2 + 6*t - 13. Give p(2).
-305
Let a(x) = -1852*x - 9368. Determine a(-5).
-108
Let q(v) = -150*v + 1359. What is q(9)?
9
Let k(u) = -77*u - 39. What is k(-1)?
38
Let t(n) = -2*n**3 - 107*n**2 + 54*n - 105. Determine t(-54).
-105
Let n(c) = 80*c - 61. What is n(1)?
19
Let t(p) = p**3 + 20*p**2 - 147*p - 37. Determine t(6).
17
Let q(g) = g**3 + 63*g**2 + 3*g - 230. Calculate q(-63).
-419
Let d(g) = 41*g + 4381. Calculate d(-107).
-6
Let m(a) = 2*a**2 + 11*a - 18. Give m(2).
12
Let v(r) = -r**2 + 24*r - 33. Calculate v(23).
-10
Let c(q) = q**3 - 57*q**2 - 63*q + 175. Calculate c(58).
-115
Let s(p) = -p**3 + 11*p**2 - 58*p + 127. Calculate s(5).
-13
Let j(q) = 17*q - 468. Give j(28).
8
Let w(v) = 16*v**2 + 36*v - 97. Give w(-4).
15
Let c(s) = -4*s**2 + 22*s - 73. Calculate c(6).
-85
Let s(t) = -36*t**2 + 35*t - 37. Give s(1).
-38
Let n(k) = 13*k**2 - 92*k + 37. Determine n(7).
30
Let q(w) = w**3 + 13*w**2 + 69*w + 509. Determine q(-11).
-8
Let i(b) = -27*b + 338. Calculate i(25).
-337
Let h(v) = -11*v - 254. What is h(-23)?
-1
Let u(y) = 14*y - 211. Give u(7).
-113
Let l(v) = 54*v + 337. Give l(0).
337
Let q(y) = y**2 - 45*y + 402. Calculate q(20).
-98
Let i(v) = 23*v + 1018. Calculate i(-42).
52
Let v(j) = 172*j - 4514. Give v(27).
130
Let b(s) = -922*s - 36875. Give b(-40).
5
Let u(c) = c**3 - 7*c**2 - 3*c + 22. What is u(7)?
1
Let a(m) = 30*m**2 - 601*m + 20. What is a(20)?
0
Let k(c) = -2*c**2 + 40*c + 1367. Give k(-21).
-355
Let k(s) = -s**3 - 92*s**2 - 674*s - 91. Calculate k(-84).
77
Let f(g) = 2*g**2 + 59*g + 377. Calculate f(-20).
-3
Let g(y) = y**3 - 102*y**2 - 279*y - 144. What is g(-2)?
-2
Let y(l) = 6*l**2 + 135*l + 32. Determine y(-20).
-268
Let y(a) = -150*a + 4941. What is y(33)?
-9
Let v(w) = -363*w + 9757. Calculate v(27).
-44
Let v(w) = 3*w**3 + 30*w**2 - 36*w - 34. What is v(-11)?
-1
Let l(b) = -82*b - 232. Calculate l(-5).
178
Let q(d) = -2095*d - 4200. Give q(-2).
-10
Let g(l) = l**2 - 1055*l - 62204. What is g(-56)?
12
Let i(y) = -19*y**2 + 1351*y - 144. Calculate i(71).
-2
Let g(k) = 5*k**2 + 30*k - 137. Calculate g(-9).
-2
Let q(x) = -x**2 + 296*x - 3999. Calculate q(14).
-51
Let c(d) = -2*d**2 + 24*d + 358. Calculate c(-9).
-20
Let v(l) = 39*l**2 + 430*l + 11. Determine v(-11).
0
Let s(o) = -o**3 - 5*o**2 - 67*o - 143. What is s(-2)?
-21
Let h(s) = 95*s - 6085. Calculate h(64).
-5
Let n(s) = s**2 - 684*s + 24550. Determine n(646).
2
Let f(y) = y**3 + 14*y**2 - 22*y - 42. Give f(-15).
63
Let n(u) = -u**3 - 7*u**2 - u - 23. Calculate n(-7).
-16
Let r(q) = -379*q - 8725. Calculate r(-23).
-8
Let u(w) = -4171*w + 16633. Determine u(4).
-51
Let k(f) = -166*f - 67. Give k(-1).
99
Let t(s) = 39*s**2 + 150*s - 22. Determine t(-4).
2
Let n(z) = -2*z**2 + 69*z - 545. Calculate n(11).
-28
Let t(i) = -505*i + 1045. Determine t(2).
35
Let o(x) = 11*x + 113. Give o(4).
157
Let g(s) = -3*s**3 + 15*s**2 - 7*s - 1. Give g(4).
19
Let z(s) = 30*s**2 + 122*s + 9. Calculate z(-4).
1
Let p(k) = 8*k**3 + 249*k**2 + 31*k - 10. Give p(-31).
-10
Let c(i) = -2*i**2 + 26*i + 6. Give c(13).
6
Let p(w) = -4*w**2 + 74*w - 94. Calculate p(17).
8
Let f(n) = -44*n + 1179. Calculate f(27).
-9
Let w(v) = -v**2 + 20*v - 33. Determine w(18).
3
Let z(r) = 2*r**3 + 21*r**2 - 4506*r - 49445. What is z(-11)?
0
Let w(g) = 765*g - 3837. What is w(5)?
-12
Let u(m) = 20*m**3 + 135*m**2 - 26*m + 17. Calculate u(-7).
-46
Let t(o) = -3*o**2 - 136*o - 129. Calculate t(-44).
47
Let s(x) = -51*x**3 - 2*x**2 - x + 2. Give s(-1).
52
Let u(d) = 4*d**3 + 6*d**2 - 5*d + 4. Calculate u(2).
50
Let v(x) = x**3 - 3*x**2 - 142*x + 386. Calculate v(12).
-22
Let o(n) = -2*n**3 + 25*n**2 - 14*n + 61. Determine o(12).
37
Let l(d) = d**3 + 7*d**2 + 659*d + 1972. Give l(-3).
31
Let g(b) = -2*b**2 + 214*b - 5614. Determine g(46).
-2
Let i(q) = q**2 - 14*q + 41. Calculate i(7).
-8
Let d(x) = 146*x - 4227. What is d(29)?
7
Let m(j) = j**3 - 81*j**2 - 710*j + 11. Calculate m(-8).
-5
Let w(h) = 7*h**3 + 33*h - 34. Determine w(1).
6
Let n(x) = -x**2 + 156*x - 4647. Give n(38).
-163
Let